s divided by 526?
507
What is the remainder when 76129 is divided by 123?
115
Calculate the remainder when 6213 is divided by 478.
477
What is the remainder when 1672791 is divided by 199?
196
Calculate the remainder when 14351 is divided by 25.
1
Calculate the remainder when 7952 is divided by 3971.
10
Calculate the remainder when 13499 is divided by 2697.
14
Calculate the remainder when 46020 is divided by 37.
29
What is the remainder when 847 is divided by 28?
7
What is the remainder when 15834 is divided by 1977?
18
What is the remainder when 543204 is divided by 46?
36
What is the remainder when 189278 is divided by 104?
102
What is the remainder when 129295 is divided by 413?
26
Calculate the remainder when 252 is divided by 67.
51
What is the remainder when 692166 is divided by 32960?
6
What is the remainder when 1202030 is divided by 104?
102
Calculate the remainder when 253 is divided by 31.
5
What is the remainder when 111304 is divided by 310?
14
Calculate the remainder when 646460 is divided by 1959.
1949
What is the remainder when 14411 is divided by 352?
331
What is the remainder when 1418 is divided by 402?
212
What is the remainder when 43243 is divided by 14392?
67
Calculate the remainder when 10654 is divided by 757.
56
Calculate the remainder when 198008 is divided by 613.
9
What is the remainder when 886048 is divided by 18?
16
What is the remainder when 2958 is divided by 329?
326
What is the remainder when 13727 is divided by 127?
11
Calculate the remainder when 489323 is divided by 79.
76
What is the remainder when 12776 is divided by 12752?
24
Calculate the remainder when 13971 is divided by 79.
67
What is the remainder when 111263 is divided by 183?
182
Calculate the remainder when 787609 is divided by 6.
1
Calculate the remainder when 79462 is divided by 23.
20
Calculate the remainder when 26091 is divided by 652.
11
What is the remainder when 10012 is divided by 182?
2
Calculate the remainder when 7356 is divided by 1366.
526
Calculate the remainder when 1419 is divided by 283.
4
Calculate the remainder when 8698 is divided by 1711.
143
Calculate the remainder when 123996 is divided by 238.
236
What is the remainder when 724876 is divided by 5?
1
Calculate the remainder when 1196356 is divided by 317.
315
What is the remainder when 306767 is divided by 114?
107
What is the remainder when 3277484 is divided by 45?
44
Calculate the remainder when 5393 is divided by 1325.
93
What is the remainder when 8384 is divided by 4143?
98
What is the remainder when 14748 is divided by 1055?
1033
Calculate the remainder when 838879 is divided by 392.
391
Calculate the remainder when 4678 is divided by 2317.
44
Calculate the remainder when 1515 is divided by 1083.
432
What is the remainder when 2223 is divided by 235?
108
Calculate the remainder when 42651 is divided by 21323.
5
Calculate the remainder when 14436 is divided by 719.
56
What is the remainder when 18444 is divided by 6079?
207
Calculate the remainder when 425 is divided by 2.
1
Calculate the remainder when 3476802 is divided by 93.
90
What is the remainder when 1384543 is divided by 61?
26
Calculate the remainder when 20861 is divided by 52.
9
What is the remainder when 27599 is divided by 279?
257
Calculate the remainder when 263510 is divided by 43916.
14
Calculate the remainder when 3923 is divided by 788.
771
What is the remainder when 13566 is divided by 26?
20
What is the remainder when 228644 is divided by 84?
80
What is the remainder when 6466 is divided by 1292?
6
Calculate the remainder when 1527 is divided by 81.
69
What is the remainder when 556 is divided by 113?
104
Calculate the remainder when 64452 is divided by 10.
2
Calculate the remainder when 1758 is divided by 351.
3
What is the remainder when 1008 is divided by 991?
17
What is the remainder when 9395 is divided by 2344?
19
Calculate the remainder when 13336 is divided by 4031.
1243
What is the remainder when 291340 is divided by 344?
316
What is the remainder when 9421 is divided by 377?
373
Calculate the remainder when 7181 is divided by 414.
143
Calculate the remainder when 22337 is divided by 154.
7
What is the remainder when 557 is divided by 139?
1
What is the remainder when 3553 is divided by 593?
588
Calculate the remainder when 4994 is divided by 65.
54
Calculate the remainder when 524491 is divided by 58.
55
What is the remainder when 125162 is divided by 9?
8
Calculate the remainder when 954572 is divided by 135.
122
What is the remainder when 201455 is divided by 48?
47
Calculate the remainder when 40479 is divided by 7.
5
What is the remainder when 39730 is divided by 21?
19
Calculate the remainder when 35987 is divided by 6.
5
What is the remainder when 54036 is divided by 82?
80
What is the remainder when 27376 is divided by 81?
79
What is the remainder when 52830 is divided by 171?
162
Calculate the remainder when 1829 is divided by 7.
2
Calculate the remainder when 9884 is divided by 22.
6
Calculate the remainder when 13548 is divided by 149.
138
Calculate the remainder when 902 is divided by 84.
62
Calculate the remainder when 680393 is divided by 41.
39
Calculate the remainder when 11398 is divided by 1424.
6
What is the remainder when 16234 is divided by 77?
64
What is the remainder when 8587 is divided by 252?
19
Calculate the remainder when 41087 is divided by 20509.
69
Calculate the remainder when 6464 is divided by 393.
176
What is the remainder when 49595 is divided by 49578?
17
What is the remainder when 13960 is divided by 3446?
176
Calculate the remainder when 11128 is divided by 285.
13
Calculate the remainder when 88310 is divided by 17.
12
What is the remainder when 70136 is divided by 34?
28
Calculate the remainder when 6896 is divided by 3077.
742
What is the remainder when 6264 is divided by 210?
174
Calculate the remainder when 12839 is divided by 368.
327
What is the remainder when 19577 is divided by 68?
61
Calculate the remainder when 5760 is divided by 2859.
42
What is the remainder when 389698 is divided by 900?
898
Calculate the remainder when 1436639 is divided by 82.
81
What is the remainder when 97626 is divided by 338?
282
Calculate the remainder when 7241 is divided by 242.
223
What is the remainder when 1149 is divided by 1145?
4
Calculate the remainder when 91693 is divided by 842.
757
Calculate the remainder when 115179 is divided by 2744.
2675
Calculate the remainder when 4079 is divided by 2036.
7
What is the remainder when 115921 is divided by 1634?
1541
Calculate the remainder when 36398 is divided by 159.
146
Calculate the remainder when 941077 is divided by 2110.
17
What is the remainder when 63999 is divided by 16?
15
What is the remainder when 3084 is divided by 1531?
22
What is the remainder when 1393 is divided by 973?
420
Calculate the remainder when 847 is divided by 152.
87
What is the remainder when 1650 is divided by 1636?
14
What is the remainder when 7269 is divided by 1?
0
What is the remainder when 10724 is divided by 537?
521
Calculate the remainder when 15327 is divided by 549.
504
What is the remainder when 31308 is divided by 51?
45
What is the remainder when 18647 is divided by 74?
73
What is the remainder when 239837 is divided by 506?
499
What is the remainder when 12951 is divided by 62?
55
What is the remainder when 22932 is divided by 7637?
21
What is the remainder when 2130 is divided by 2054?
76
Calculate the remainder when 12774 is divided by 1927.
1212
Calculate the remainder when 1755 is divided by 219.
3
Calculate the remainder when 56662 is divided by 1717.
1
What is the remainder when 4942 is divided by 278?
216
Calculate the remainder when 175208 is divided by 28.
12
Calculate the remainder when 499935 is divided by 82.
63
What is the remainder when 3216 is divided by 985?
261
Calculate the remainder when 270948 is divided by 1.
0
What is the remainder when 55511 is divided by 57?
50
Calculate the remainder when 16803 is divided by 221.
7
What is the remainder when 67713 is divided by 132?
129
What is the remainder when 3760 is divided by 41?
29
What is the remainder when 1522 is divided by 263?
207
What is the remainder when 280282 is divided by 5?
2
What is the remainder when 1028 is divided by 19?
2
Calc